6 + -167. Let u = w - -56. Suppose -u*d + 3594 = -k, -2*d - 4*k + k = -1441. Is d composite?
False
Let y = -166711 - -308264. Is y a prime number?
False
Let v(o) = -o**2 + 117. Let t be v(-11). Is (-5935)/(-2)*(6 + t) composite?
True
Is (-6)/(-33)*395768120/80 a composite number?
False
Let a(g) = 4895*g**2 + 38*g - 575. Is a(12) prime?
True
Let c(d) = -2*d**2 - 19*d - 26. Let o(q) = 3*q**2 + 39*q + 50. Let f(g) = -5*c(g) - 2*o(g). Is f(-4) a composite number?
True
Suppose 3*t - 2*t = -m + 23, -t + 2*m = -8. Is (-4)/(-108)*6015 + 4/t prime?
True
Let l(m) = 3*m - 58. Let w be l(21). Suppose -3*k + w*t + 24654 = 0, -5*k - 5*t + 7*t + 41109 = 0. Is k composite?
True
Let j be 90/(-20)*(1 + (-141)/(-9)). Let s = 135 + j. Is s - ((-28)/(-8) + (-2)/4) prime?
False
Let k(u) = 773*u**2 + 224*u - 1835. Is k(8) a prime number?
True
Let i(v) = -32*v**3 + 5*v**2 + 7*v + 13. Let n be i(-4). Let w = 13442 - n. Is w prime?
True
Suppose 2*w = 5*z - 609213, -4*z - 6*w + 11*w + 487367 = 0. Is z composite?
False
Suppose 3*g = 5*m - 43824, -2*m - 4*g + 17514 = -0*g. Suppose 0 = -139*d + 136*d + m. Is d prime?
False
Let k = -543483 + 1457242. Is k/70 - 12 - 6/(-20) prime?
False
Is (-18034622)/(-9) - (-595)/5355 composite?
True
Let l(v) = 50*v**2 + 20*v + 20. Let k(f) = 33*f**2 + 13*f + 13. Let y(d) = 8*k(d) - 5*l(d). Let t be y(-4). Suppose -4*n = -2*h - 2*h - t, 8 = -2*h. Is n prime?
False
Let t be (55749/(-6) - 12/3)*-6. Suppose -24*u = -21*u - t. Is u composite?
True
Suppose -204*t + 3024200 + 4994264 = -17881580. Is t a composite number?
False
Suppose -8788763 - 185827609 = -315*x + 200352363. Is x a composite number?
True
Let d(o) be the third derivative of -6*o**2 - 5/24*o**4 + 0 + 23/6*o**3 + 0*o. Is d(-6) a composite number?
False
Let j(n) = 33*n - 175. Let i be j(24). Let v be 40/16*(-274)/(-5). Suppose 2*a = -5*y + 1885, 2*y - i = -a + v. Is y composite?
True
Let w(k) = 20*k**2 - 67*k + 318. Is w(73) a composite number?
True
Let t = -122 - -125. Is 3/(-9)*t + 1 + 1513 prime?
False
Let n(i) = -6*i + 3. Let p be n(-4). Suppose -p*l + 3423 = -24*l. Is l a prime number?
False
Let k = -10 + 4. Let q(x) = 29*x - 80*x - 11 - 4*x. Is q(k) prime?
False
Let u(s) = 2*s**2 - 4*s + 7. Let d = -128 + 69. Let r = 54 + d. Is u(r) a prime number?
False
Is (-1334852)/((-8)/(-14)*105/(-30)) a composite number?
True
Let r be -12 - ((-1)/(-4) - (-6)/8). Let q(h) = -16*h - 28 + 24*h - 19*h. Is q(r) composite?
True
Let y be 33/6 - 4/8. Suppose -6644 = -a - 3*w, y*a = -0*a - 2*w + 33259. Is a a composite number?
False
Suppose -96*s + 52 = -70*s. Suppose 5*u - 1262 = -o, -2*o - 3*u = u - 2518. Suppose -5*q - 3*k + 724 + 553 = 0, 5*q - o = s*k. Is q a composite number?
True
Suppose -3*d = -k + 1304, 4*d + d - 5*k = -2160. Let y = -213 - d. Is y composite?
False
Suppose -2*x + 827042 = 2*i, -3*i + 1441*x + 1240563 = 1436*x. Is i prime?
True
Let j(a) be the first derivative of a**3/3 + a**2/2 - 24*a + 27. Let h be j(5). Suppose -h*z = -0*z - 18978. Is z prime?
True
Let f(i) = -i - 3. Let b be f(-7). Let z be b/(-26) + 28/13. Suppose 2*g - 5*t = 587, 0 = -3*g + g - z*t + 608. Is g composite?
True
Let l(s) = 2*s**2 + 71*s - 169. Let d(t) = t**2 + 36*t - 85. Let o(i) = -9*d(i) + 4*l(i). Is o(-26) a prime number?
False
Let h(c) = 11864*c**3 + 3*c**2 - 7*c + 3. Let k = 131 + -130. Is h(k) composite?
False
Let p be (-102)/(-5) + 4*2/(-20). Let j = 23 - p. Suppose -j*w - 2084 = -7*w. Is w a composite number?
False
Let x be 1/7 - 170/(-35). Suppose x*l - 2*l - 2*r - 161 = 0, 3*l = -5*r + 154. Is l prime?
True
Let r(m) = -m**3 + 5*m**2 + 5*m + 3. Let t be r(6). Let z(p) = p + 273*p**2 + 10 - 8 + 7*p + 2. Is z(t) prime?
True
Let q(t) = -49*t + 248. Let l(b) = 25*b - 102. Let r(h) = -5*l(h) - 2*q(h). Suppose 5*k = 2*x + 40 + 6, 2*x + 6 = -5*k. Is r(x) a prime number?
False
Let d = -163 - -165. Suppose -d*n = n - 97365. Is n composite?
True
Let q(m) = -99*m - 56*m + 14 + 41*m**3 - 40*m**3 - 45*m**2. Is q(51) prime?
False
Suppose 13*u = -203 + 110950. Suppose 0 = -22*v + 15*v + u. Is v a composite number?
False
Let b(m) be the first derivative of 38*m**3/3 + 17*m**2 + 29*m + 141. Is b(-15) composite?
False
Suppose 7*s - 46002 = -27*s. Suppose 0 = -5*p + s - 508. Is p a composite number?
True
Let f(n) = -227*n + 5. Let a = 49 + -31. Suppose u - a = -22. Is f(u) composite?
True
Let h(k) = -570*k + 238. Let z(c) = -1. Let f(n) = -h(n) - 12*z(n). Is f(12) prime?
False
Let f be (-124)/30 + (16/(-15))/(-8). Let t(p) = -62*p**3 - 3 - 7*p - 11*p**2 + 51*p**3 + 0*p**2. Is t(f) prime?
False
Let d = -583224 - -1015535. Is d a composite number?
True
Let w(r) = 221*r**2 + 46*r + 38. Is w(9) composite?
False
Suppose 724258 = 23*o + 204987. Is o prime?
False
Suppose 2*b + 181320 = 2*h + 688330, -h = 6. Is b a prime number?
False
Let z = -747602 + 1605595. Is z a composite number?
True
Let d(x) = 62*x + 3. Suppose -11*b = -2*b - 72. Suppose b = a - 0. Is d(a) prime?
True
Let p be 7 - -5*(0 - 1). Suppose -5*l + 990 = -5*n, l + p*n - 5*n = 196. Is l a prime number?
True
Suppose -33*f + 6676314 + 5291303 + 8284648 = 0. Is f a prime number?
False
Suppose 3*t - 5*z - 95 = 7*t, -4*z - 46 = 2*t. Suppose -4*r + 188 = h, 2*h + 3*h + 20 = 0. Let a = r + t. Is a a prime number?
True
Let m be (0*1/4)/(1/1). Suppose m = -7*f + 14 + 7. Suppose 1649 = 3*q + 5*t, -t + f*t - 549 = -q. Is q a composite number?
True
Let v(y) = 309*y**2 - 9*y + 7. Let l be v(3). Suppose 8*d = 19*d - l. Is d prime?
True
Suppose -4*g - 42 = -y, 4*g - 88 = -2*y - 2*y. Suppose -y*i = -29*i - 19266. Let u = -3833 - i. Is u prime?
False
Let x(i) = -22396*i - 229. Is x(-2) a composite number?
False
Let r be 48*(4*5/40)/1. Suppose -r*w - 24 = -85152. Is w prime?
True
Let y = -2 - -1. Let d be -1*(y + -2) + -3 + 0. Let l(k) = -2*k**3 - k**2 + k + 563. Is l(d) composite?
False
Let h(k) be the third derivative of -k**5/60 - 3*k**4/8 - 7*k**3/3 - 11*k**2. Let y be h(-7). Suppose -3*l + 2*z + 2221 = y, 3*l + 3*z + 1489 = 5*l. Is l prime?
False
Let g(v) = -1116*v - 138. Let k(d) = 1674*d + 207. Let c(y) = -8*g(y) - 5*k(y). Is c(9) prime?
False
Let z(p) = 14*p**2 + 21*p + 37. Let f(x) = -x**3 + 8*x**2 - 3*x + 12. Let g be f(8). Is z(g) composite?
False
Let b(f) = 2110*f**2 - 24*f + 33. Let l be b(10). Suppose 74*r + l = 85*r. Is r prime?
True
Let h = -1453 + 2159. Suppose u - 4015 + h = -j, -4*j = -5*u - 13236. Is j a prime number?
False
Suppose p - 10*p + 54 = 0. Is 55434/9*1/(4/p) a prime number?
True
Let t = 37977 + -25168. Is t composite?
False
Suppose -48 = 4*t - 8*t. Suppose 0 = l + 9 + t. Is (-3)/l + (-908)/(-14) a prime number?
False
Let y = 642823 - 113549. Is y a composite number?
True
Let g be 5591 + -2 - (3 + -11 - -3). Suppose k = -4*i + g - 1505, 2*k = -2*i + 8148. Is k a composite number?
True
Suppose 5*w + f + 96 = 0, -13*w + 68 = -17*w - 3*f. Let u = -1185 + 683. Is (u/(-4))/((-5)/w) a composite number?
True
Is (-19314848)/(-320) + (-3)/(-29 - 1) prime?
False
Let c be (1 - -21)*(-6154)/68. Let w = c + 6472. Is w a prime number?
True
Let a be (5/(-30)*4)/(2/(-9)). Suppose -7*v - 5049 = -a*j - 5*v, 3*j - 5*v = 5040. Is j prime?
False
Let a(o) = o**2 + o - 4. Let b be a(2). Suppose 2*c - b*l - 7810 = 0, 9*c + 3*l = 10*c - 3901. Is c prime?
True
Suppose 2*j - 179 = 151. Is ((j/(-22))/15)/((-1)/2134) prime?
False
Let a(k) = -7*k**2 - 1. Let f be a(1). Let c(z) be the second derivative of -49*z**3/6 - 11*z**2/2 - 152*z. Is c(f) a prime number?
False
Let g be 2*(-9)/6 - (35 - 43). Suppose -4*h - 4*v = -53024, 3*h + g*v = 6830 + 32928. Is h a composite number?
True
Let f be (12/(-9))/4*-762 - 3. Let k = 668 + f. Is k a prime number?
True
Let p(j) = -j**2 + j + 79. Suppose -287 = -9*q - 1196. Let t = -101 - q. Is p(t) a composite number?
False
Suppose 2*r = 2*w - 87490, 182*r - 181*r = -3*w + 131259. Is w a prime number?
False
Let j be ((-16)/(-5))/((-12)/(-30)). Is 7543/j - (-3)/24 composite?
True
Suppose 179394 = -7*d + 36*d. Suppose -t + 3*t = d. Is t prime?
False
Is 216782 - (-2 + ((-196)/(-14) - 1*9)) prime?
True
Let r = -6246 + 11932. Suppose 4*k + 690 = r. Is k a prime number?
True
Suppose -154116 = 2*l - 3*d - 548656, -8 = 4*d. Is l a prime number?
False
Let l be 8 + (-6)/((-18)/(-21)). Is (0 - 3)*l - 19850/(-5) a prime number?
True
Suppose 0